[INFO] cloning repository https://github.com/ElementsDAO/EnergyPlatform
[INFO] running `Command { std: "git" "-c" "credential.helper=" "-c" "credential.helper=/workspace/cargo-home/bin/git-credential-null" "clone" "--bare" "https://github.com/ElementsDAO/EnergyPlatform" "/workspace/cache/git-repos/https%3A%2F%2Fgithub.com%2FElementsDAO%2FEnergyPlatform", kill_on_drop: false }`
[INFO] [stderr] Cloning into bare repository '/workspace/cache/git-repos/https%3A%2F%2Fgithub.com%2FElementsDAO%2FEnergyPlatform'...
[INFO] running `Command { std: "git" "rev-parse" "HEAD", kill_on_drop: false }`
[INFO] [stdout] 2e2ee9b91fd8b1ed37bc2d8f84433c5262557905
[INFO] checking ElementsDAO/EnergyPlatform against master#e6e4f7ed1589e03bc2f6c5931c1a72e7947e8682 for beta-170-4
[INFO] running `Command { std: "git" "clone" "/workspace/cache/git-repos/https%3A%2F%2Fgithub.com%2FElementsDAO%2FEnergyPlatform" "/workspace/builds/worker-3-tc2/source", kill_on_drop: false }`
[INFO] [stderr] Cloning into '/workspace/builds/worker-3-tc2/source'...
[INFO] [stderr] done.
[INFO] validating manifest of git repo https://github.com/ElementsDAO/EnergyPlatform on toolchain e6e4f7ed1589e03bc2f6c5931c1a72e7947e8682
[INFO] running `Command { std: CARGO_HOME="/workspace/cargo-home" RUSTUP_HOME="/workspace/rustup-home" "/workspace/cargo-home/bin/cargo" "+e6e4f7ed1589e03bc2f6c5931c1a72e7947e8682" "metadata" "--manifest-path" "Cargo.toml" "--no-deps", kill_on_drop: false }`
[INFO] started tweaking git repo https://github.com/ElementsDAO/EnergyPlatform
[INFO] finished tweaking git repo https://github.com/ElementsDAO/EnergyPlatform
[INFO] tweaked toml for git repo https://github.com/ElementsDAO/EnergyPlatform written to /workspace/builds/worker-3-tc2/source/Cargo.toml
[INFO] crate git repo https://github.com/ElementsDAO/EnergyPlatform already has a lockfile, it will not be regenerated
[INFO] running `Command { std: CARGO_HOME="/workspace/cargo-home" RUSTUP_HOME="/workspace/rustup-home" "/workspace/cargo-home/bin/cargo" "+e6e4f7ed1589e03bc2f6c5931c1a72e7947e8682" "fetch" "--manifest-path" "Cargo.toml", kill_on_drop: false }`
[INFO] running `Command { std: "docker" "create" "-v" "/var/lib/crater-agent-workspace/builds/worker-3-tc2/target:/opt/rustwide/target:rw,Z" "-v" "/var/lib/crater-agent-workspace/builds/worker-3-tc2/source:/opt/rustwide/workdir:ro,Z" "-v" "/var/lib/crater-agent-workspace/cargo-home:/opt/rustwide/cargo-home:ro,Z" "-v" "/var/lib/crater-agent-workspace/rustup-home:/opt/rustwide/rustup-home:ro,Z" "-e" "SOURCE_DIR=/opt/rustwide/workdir" "-e" "CARGO_TARGET_DIR=/opt/rustwide/target" "-e" "CARGO_HOME=/opt/rustwide/cargo-home" "-e" "RUSTUP_HOME=/opt/rustwide/rustup-home" "-w" "/opt/rustwide/workdir" "-m" "1610612736" "--user" "0:0" "--network" "none" "ghcr.io/rust-lang/crates-build-env/linux@sha256:19e73879b68f455e41552ea35293514db52ea292d993f571636dbffedb77a1ee" "/opt/rustwide/cargo-home/bin/cargo" "+e6e4f7ed1589e03bc2f6c5931c1a72e7947e8682" "metadata" "--no-deps" "--format-version=1", kill_on_drop: false }`
[INFO] [stdout] 29960fb2b78d2178857cbd9617fe82d557fe2d47568e012d2dd0dcd445b94e8c
[INFO] running `Command { std: "docker" "start" "-a" "29960fb2b78d2178857cbd9617fe82d557fe2d47568e012d2dd0dcd445b94e8c", kill_on_drop: false }`
[INFO] running `Command { std: "docker" "inspect" "29960fb2b78d2178857cbd9617fe82d557fe2d47568e012d2dd0dcd445b94e8c", kill_on_drop: false }`
[INFO] running `Command { std: "docker" "rm" "-f" "29960fb2b78d2178857cbd9617fe82d557fe2d47568e012d2dd0dcd445b94e8c", kill_on_drop: false }`
[INFO] [stdout] 29960fb2b78d2178857cbd9617fe82d557fe2d47568e012d2dd0dcd445b94e8c
[INFO] running `Command { std: "docker" "create" "-v" "/var/lib/crater-agent-workspace/builds/worker-3-tc2/target:/opt/rustwide/target:rw,Z" "-v" "/var/lib/crater-agent-workspace/builds/worker-3-tc2/source:/opt/rustwide/workdir:ro,Z" "-v" "/var/lib/crater-agent-workspace/cargo-home:/opt/rustwide/cargo-home:ro,Z" "-v" "/var/lib/crater-agent-workspace/rustup-home:/opt/rustwide/rustup-home:ro,Z" "-e" "SOURCE_DIR=/opt/rustwide/workdir" "-e" "CARGO_TARGET_DIR=/opt/rustwide/target" "-e" "CARGO_INCREMENTAL=0" "-e" "RUST_BACKTRACE=full" "-e" "RUSTFLAGS=--cap-lints=forbid" "-e" "RUSTDOCFLAGS=--cap-lints=forbid" "-e" "CARGO_HOME=/opt/rustwide/cargo-home" "-e" "RUSTUP_HOME=/opt/rustwide/rustup-home" "-w" "/opt/rustwide/workdir" "-m" "1610612736" "--user" "0:0" "--network" "none" "ghcr.io/rust-lang/crates-build-env/linux@sha256:19e73879b68f455e41552ea35293514db52ea292d993f571636dbffedb77a1ee" "/opt/rustwide/cargo-home/bin/cargo" "+e6e4f7ed1589e03bc2f6c5931c1a72e7947e8682" "check" "--frozen" "--all" "--all-targets" "--message-format=json", kill_on_drop: false }`
[INFO] [stdout] 8c53c6deb635e1e0c90dcf25601dcce911061833496c648c81f280111f703764
[INFO] running `Command { std: "docker" "start" "-a" "8c53c6deb635e1e0c90dcf25601dcce911061833496c648c81f280111f703764", kill_on_drop: false }`
[INFO] [stderr]    Compiling proc-macro2 v1.0.40
[INFO] [stderr]    Compiling unicode-ident v1.0.1
[INFO] [stderr]    Compiling quote v1.0.20
[INFO] [stderr]    Compiling syn v1.0.98
[INFO] [stderr]    Compiling libc v0.2.126
[INFO] [stderr]    Compiling serde_derive v1.0.137
[INFO] [stderr]    Compiling serde v1.0.137
[INFO] [stderr]    Compiling version_check v0.9.4
[INFO] [stderr]    Compiling autocfg v1.1.0
[INFO] [stderr]    Compiling typenum v1.15.0
[INFO] [stderr]    Compiling generic-array v0.14.5
[INFO] [stderr]     Checking itoa v1.0.2
[INFO] [stderr]     Checking subtle v2.4.1
[INFO] [stderr]     Checking ryu v1.0.10
[INFO] [stderr]     Checking once_cell v1.12.0
[INFO] [stderr]    Compiling memchr v2.5.0
[INFO] [stderr]    Compiling log v0.4.17
[INFO] [stderr]    Compiling serde_json v1.0.81
[INFO] [stderr]    Compiling cfg-if v1.0.0
[INFO] [stderr]    Compiling unicode-xid v0.2.3
[INFO] [stderr]     Checking cpufeatures v0.2.2
[INFO] [stderr]     Checking byteorder v1.4.3
[INFO] [stderr]    Compiling getrandom v0.1.16
[INFO] [stderr]     Checking opaque-debug v0.3.0
[INFO] [stderr]    Compiling lazy_static v1.4.0
[INFO] [stderr]    Compiling jobserver v0.1.24
[INFO] [stderr]     Checking getrandom v0.2.7
[INFO] [stderr]     Checking tinyvec_macros v0.1.0
[INFO] [stderr]    Compiling pkg-config v0.3.25
[INFO] [stderr]    Compiling cc v1.0.73
[INFO] [stderr]     Checking rand_core v0.5.1
[INFO] [stderr]     Checking hex v0.4.3
[INFO] [stderr]     Checking tinyvec v1.6.0
[INFO] [stderr]    Compiling num-traits v0.2.15
[INFO] [stderr]     Checking pin-project-lite v0.2.9
[INFO] [stderr]    Compiling futures-core v0.3.21
[INFO] [stderr]     Checking bitflags v1.3.2
[INFO] [stderr]     Checking num_cpus v1.13.1
[INFO] [stderr]     Checking futures-sink v0.3.21
[INFO] [stderr]    Compiling futures-channel v0.3.21
[INFO] [stderr]    Compiling ahash v0.7.6
[INFO] [stderr]     Checking unicode-normalization v0.1.19
[INFO] [stderr]     Checking percent-encoding v2.1.0
[INFO] [stderr]     Checking rand_core v0.6.3
[INFO] [stderr]     Checking ppv-lite86 v0.2.16
[INFO] [stderr]    Compiling futures-task v0.3.21
[INFO] [stderr]     Checking slab v0.4.6
[INFO] [stderr]     Checking bytes v1.1.0
[INFO] [stderr]     Checking digest v0.9.0
[INFO] [stderr]     Checking cipher v0.3.0
[INFO] [stderr]     Checking universal-hash v0.4.1
[INFO] [stderr]     Checking block-buffer v0.9.0
[INFO] [stderr]     Checking aead v0.4.3
[INFO] [stderr]     Checking crypto-mac v0.11.1
[INFO] [stderr]     Checking sha2 v0.9.9
[INFO] [stderr]     Checking crypto-mac v0.8.0
[INFO] [stderr]    Compiling lock_api v0.4.7
[INFO] [stderr]    Compiling parking_lot_core v0.9.3
[INFO] [stderr]     Checking hmac v0.11.0
[INFO] [stderr]    Compiling wasm-bindgen-shared v0.2.81
[INFO] [stderr]    Compiling futures-util v0.3.21
[INFO] [stderr]     Checking blake2 v0.9.2
[INFO] [stderr]     Checking pbkdf2 v0.8.0
[INFO] [stderr]     Checking pin-utils v0.1.0
[INFO] [stderr]     Checking futures-io v0.3.21
[INFO] [stderr]     Checking matches v0.1.9
[INFO] [stderr]     Checking smallvec v1.8.0
[INFO] [stderr]     Checking hashbrown v0.12.1
[INFO] [stderr]    Compiling time-macros v0.2.4
[INFO] [stderr]    Compiling bumpalo v3.10.0
[INFO] [stderr]     Checking num_threads v0.1.6
[INFO] [stderr]     Checking form_urlencoded v1.0.1
[INFO] [stderr]     Checking rand_chacha v0.3.1
[INFO] [stderr]     Checking socket2 v0.4.4
[INFO] [stderr]     Checking atty v0.2.14
[INFO] [stderr]     Checking signal-hook-registry v1.4.0
[INFO] [stderr]     Checking parking_lot v0.12.1
[INFO] [stderr]     Checking rand v0.8.5
[INFO] [stderr]     Checking polyval v0.5.3
[INFO] [stderr]    Compiling indexmap v1.9.0
[INFO] [stderr]    Compiling wasm-bindgen v0.2.81
[INFO] [stderr]     Checking aes v0.7.5
[INFO] [stderr]     Checking ghash v0.4.4
[INFO] [stderr]     Checking ctr v0.8.0
[INFO] [stderr]     Checking cpufeatures v0.1.5
[INFO] [stderr]     Checking poly1305 v0.7.2
[INFO] [stderr]    Compiling ring v0.16.20
[INFO] [stderr]     Checking tracing-core v0.1.27
[INFO] [stderr]     Checking bytemuck v1.9.1
[INFO] [stderr]     Checking aes-gcm v0.9.4
[INFO] [stderr]     Checking unicode-bidi v0.3.8
[INFO] [stderr]     Checking static_assertions v1.1.0
[INFO] [stderr]     Checking aho-corasick v0.7.18
[INFO] [stderr]    Compiling bee-ternary v0.5.2
[INFO] [stderr]    Compiling proc-macro-error-attr v1.0.4
[INFO] [stderr]     Checking idna v0.2.3
[INFO] [stderr]    Compiling encoding_rs v0.8.31
[INFO] [stderr]     Checking regex-syntax v0.6.26
[INFO] [stderr]     Checking http v0.2.8
[INFO] [stderr]     Checking crypto-common v0.1.3
[INFO] [stderr]     Checking block-buffer v0.10.2
[INFO] [stderr]    Compiling openssl-sys v0.9.74
[INFO] [stderr]    Compiling proc-macro-error v1.0.4
[INFO] [stderr]    Compiling synstructure v0.12.6
[INFO] [stderr]    Compiling wasm-bindgen-backend v0.2.81
[INFO] [stderr]    Compiling same-file v1.0.6
[INFO] [stderr]    Compiling walkdir v2.3.2
[INFO] [stderr]     Checking digest v0.10.3
[INFO] [stderr]     Checking regex v1.5.6
[INFO] [stderr]     Checking colored v1.9.3
[INFO] [stderr]    Compiling wasm-bindgen-macro-support v0.2.81
[INFO] [stderr]     Checking adler v1.0.2
[INFO] [stderr]    Compiling httparse v1.7.1
[INFO] [stderr]     Checking data-encoding v2.3.2
[INFO] [stderr]     Checking miniz_oxide v0.5.3
[INFO] [stderr]    Compiling toml v0.5.9
[INFO] [stderr]    Compiling libsodium-sys v0.2.7
[INFO] [stderr]    Compiling rustversion v1.0.7
[INFO] [stderr]    Compiling radium v0.7.0
[INFO] [stderr]    Compiling paste v1.0.7
[INFO] [stderr]     Checking webpki v0.22.0
[INFO] [stderr]     Checking tap v1.0.1
[INFO] [stderr]    Compiling crc32fast v1.3.2
[INFO] [stderr]    Compiling crunchy v0.2.2
[INFO] [stderr]    Compiling rustls v0.20.6
[INFO] [stderr]    Compiling openssl v0.10.40
[INFO] [stderr]     Checking httpdate v1.0.2
[INFO] [stderr]    Compiling fnv v1.0.7
[INFO] [stderr]     Checking foreign-types-shared v0.1.1
[INFO] [stderr]     Checking foreign-types v0.3.2
[INFO] [stderr]     Checking wyz v0.5.0
[INFO] [stderr]     Checking sct v0.7.0
[INFO] [stderr]    Compiling bee-common v0.5.0
[INFO] [stderr]     Checking try-lock v0.2.3
[INFO] [stderr]    Compiling proc-macro-hack v0.5.19
[INFO] [stderr]    Compiling tiny-keccak v2.0.2
[INFO] [stderr]     Checking funty v2.0.0
[INFO] [stderr]    Compiling anyhow v1.0.58
[INFO] [stderr]    Compiling native-tls v0.2.10
[INFO] [stderr]    Compiling heck v0.4.0
[INFO] [stderr]    Compiling thiserror-impl v1.0.31
[INFO] [stderr]    Compiling zeroize_derive v1.3.2
[INFO] [stderr]    Compiling futures-macro v0.3.21
[INFO] [stderr]    Compiling tokio-macros v1.8.0
[INFO] [stderr]    Compiling wasm-bindgen-macro v0.2.81
[INFO] [stderr]    Compiling openssl-macros v0.1.0
[INFO] [stderr]    Compiling data-encoding-macro-internal v0.1.10
[INFO] [stderr]     Checking zeroize v1.5.5
[INFO] [stderr]     Checking curve25519-dalek v3.2.0
[INFO] [stderr]     Checking chacha20 v0.7.1
[INFO] [stderr]     Checking chacha20poly1305 v0.8.0
[INFO] [stderr]    Compiling strum_macros v0.24.0
[INFO] [stderr]     Checking bitvec v1.0.0
[INFO] [stderr]     Checking x25519-dalek v1.1.1
[INFO] [stderr]     Checking thiserror v1.0.31
[INFO] [stderr]     Checking ed25519-zebra v2.2.0
[INFO] [stderr]    Compiling proc-macro-crate v1.1.3
[INFO] [stderr]    Compiling impl-trait-for-tuples v0.2.2
[INFO] [stderr]    Compiling parity-scale-codec-derive v3.1.3
[INFO] [stderr]     Checking http-body v0.4.5
[INFO] [stderr]     Checking dirs-sys-next v0.1.2
[INFO] [stderr]    Compiling proc-macro2 v0.4.30
[INFO] [stderr]    Compiling glob v0.3.0
[INFO] [stderr]     Checking byte-slice-cast v1.2.1
[INFO] [stderr]     Checking unicode-width v0.1.9
[INFO] [stderr]     Checking futures-executor v0.3.21
[INFO] [stderr]     Checking openssl-probe v0.1.5
[INFO] [stderr]     Checking arrayvec v0.7.2
[INFO] [stderr]     Checking tower-service v0.3.2
[INFO] [stderr]     Checking futures v0.3.21
[INFO] [stderr]     Checking textwrap v0.11.0
[INFO] [stderr]    Compiling clang-sys v1.3.3
[INFO] [stderr]     Checking dirs-next v2.0.0
[INFO] [stderr]     Checking flate2 v1.0.24
[INFO] [stderr]     Checking strum v0.24.1
[INFO] [stderr]     Checking data-encoding-macro v0.1.12
[INFO] [stderr]    Compiling bee-ternary v0.6.0
[INFO] [stderr]    Compiling unicode-xid v0.1.0
[INFO] [stderr]     Checking bech32 v0.8.1
[INFO] [stderr]     Checking ansi_term v0.12.1
[INFO] [stderr]     Checking serde v0.8.23
[INFO] [stderr]     Checking base-x v0.2.10
[INFO] [stderr]     Checking ryu-js v0.2.2
[INFO] [stderr]    Compiling lexical-core v0.7.6
[INFO] [stderr]     Checking rustc-hex v2.1.0
[INFO] [stderr]     Checking mime v0.3.16
[INFO] [stderr]    Compiling slog v2.7.0
[INFO] [stderr]    Compiling async-trait v0.1.56
[INFO] [stderr]     Checking clap v2.34.0
[INFO] [stderr]    Compiling const-random-macro v0.1.13
[INFO] [stderr]     Checking fixed-hash v0.7.0
[INFO] [stderr]     Checking multibase v0.9.1
[INFO] [stderr]     Checking serde_test v0.8.23
[INFO] [stderr]     Checking uint v0.9.3
[INFO] [stderr]     Checking webpki-roots v0.22.3
[INFO] [stderr]    Compiling num-integer v0.1.45
[INFO] [stderr]    Compiling nom v5.1.2
[INFO] [stderr]     Checking retain_mut v0.1.9
[INFO] [stderr]    Compiling ident_case v1.0.1
[INFO] [stderr]    Compiling convert_case v0.4.0
[INFO] [stderr]    Compiling syn v0.15.44
[INFO] [stderr]     Checking alloc-no-stdlib v2.0.3
[INFO] [stderr]     Checking arrayvec v0.5.2
[INFO] [stderr]    Compiling minimal-lexical v0.2.1
[INFO] [stderr]     Checking time v0.3.10
[INFO] [stderr]     Checking mio v0.8.4
[INFO] [stderr]     Checking tracing v0.1.35
[INFO] [stderr]     Checking url v2.2.2
[INFO] [stderr]     Checking tokio v1.19.2
[INFO] [stderr]     Checking fern v0.6.1
[INFO] [stderr]     Checking iota-crypto v0.9.1
[INFO] [stderr]     Checking serde_urlencoded v0.7.1
[INFO] [stderr]     Checking want v0.3.0
[INFO] [stderr]     Checking bincode v1.3.3
[INFO] [stderr]     Checking bee-pow v0.2.0
[INFO] [stderr]     Checking parity-scale-codec v3.1.5
[INFO] [stderr]     Checking bee-message v0.1.6
[INFO] [stderr]     Checking identity-diff v0.6.0
[INFO] [stderr]     Checking js-sys v0.3.58
[INFO] [stderr]     Checking serde_jcs v0.1.0
[INFO] [stderr]     Checking impl-serde v0.3.2
[INFO] [stderr]     Checking impl-codec v0.6.0
[INFO] [stderr]    Compiling strsim v0.10.0
[INFO] [stderr]     Checking primitive-types v0.11.1
[INFO] [stderr]     Checking identity_core v0.6.0
[INFO] [stderr]    Compiling darling_core v0.14.1
[INFO] [stderr]     Checking dataurl v0.1.2
[INFO] [stderr]    Compiling nom v7.1.1
[INFO] [stderr]    Compiling derive_more v0.99.17
[INFO] [stderr]     Checking did_url v0.1.0
[INFO] [stderr]     Checking alloc-stdlib v0.2.1
[INFO] [stderr]     Checking roaring v0.9.0
[INFO] [stderr]     Checking web-sys v0.3.58
[INFO] [stderr]     Checking linked-hash-map v0.3.0
[INFO] [stderr]    Compiling quote v0.6.13
[INFO] [stderr]     Checking tokio-util v0.7.3
[INFO] [stderr]     Checking tokio-native-tls v0.3.0
[INFO] [stderr]     Checking tokio-rustls v0.23.4
[INFO] [stderr]     Checking const-random v0.1.13
[INFO] [stderr]     Checking ed25519-zebra v3.0.0
[INFO] [stderr]     Checking h2 v0.3.13
[INFO] [stderr]     Checking hmac v0.12.1
[INFO] [stderr]     Checking pbkdf2 v0.11.0
[INFO] [stderr]     Checking blake2 v0.10.4
[INFO] [stderr]     Checking sha2 v0.10.2
[INFO] [stderr]     Checking rustls-pemfile v1.0.0
[INFO] [stderr]     Checking num-traits v0.1.43
[INFO] [stderr]    Compiling zstd-sys v2.0.1+zstd.1.5.2
[INFO] [stderr]     Checking dirs-sys v0.3.7
[INFO] [stderr]    Compiling libloading v0.7.3
[INFO] [stderr]    Compiling packable v0.4.0
[INFO] [stderr]     Checking linked-hash-map v0.5.4
[INFO] [stderr]     Checking ipnet v2.5.0
[INFO] [stderr]     Checking arc-swap v1.5.0
[INFO] [stderr]    Compiling bindgen v0.59.2
[INFO] [stderr]     Checking slog-scope v4.4.0
[INFO] [stderr]     Checking yaml-rust v0.4.5
[INFO] [stderr]     Checking dirs v4.0.0
[INFO] [stderr]    Compiling darling_macro v0.14.1
[INFO] [stderr]     Checking serde-hjson v0.9.1
[INFO] [stderr]     Checking iota-crypto v0.12.1
[INFO] [stderr]    Compiling cexpr v0.6.0
[INFO] [stderr]     Checking ahash v0.3.8
[INFO] [stderr]     Checking identity_did v0.6.0
[INFO] [stderr]     Checking brotli-decompressor v2.3.2
[INFO] [stderr]     Checking hyper v0.14.19
[INFO] [stderr]     Checking iota-crypto v0.8.0
[INFO] [stderr]    Compiling packable-derive v0.4.0
[INFO] [stderr]     Checking rand_chacha v0.2.2
[INFO] [stderr]    Compiling libz-sys v1.1.8
[INFO] [stderr]    Compiling bzip2-sys v0.1.11+1.0.8
[INFO] [stderr]     Checking time v0.1.44
[INFO] [stderr]    Compiling lazycell v1.3.0
[INFO] [stderr]     Checking cfg-if v0.1.10
[INFO] [stderr]    Compiling rustc-hash v1.1.0
[INFO] [stderr]    Compiling shlex v1.1.0
[INFO] [stderr]    Compiling peeking_take_while v0.1.2
[INFO] [stderr]     Checking rust-ini v0.13.0
[INFO] [stderr]     Checking gloo-utils v0.1.3
[INFO] [stderr]     Checking config v0.10.1
[INFO] [stderr]     Checking dashmap v3.11.10
[INFO] [stderr]     Checking chrono v0.4.19
[INFO] [stderr]     Checking rand v0.7.3
[INFO] [stderr]     Checking brotli v3.3.4
[INFO] [stderr]    Compiling darling v0.14.1
[INFO] [stderr]     Checking bee-pow v0.2.0 (https://github.com/iotaledger/bee?rev=bdc6a94b0248861474817059e15543d5c29b0d72#bdc6a94b)
[INFO] [stderr]     Checking slog-stdlog v4.1.1
[INFO] [stderr]     Checking prefix-hex v0.4.0
[INFO] [stderr]     Checking bee-ledger v0.6.1
[INFO] [stderr]     Checking time-helper v0.1.0
[INFO] [stderr]     Checking serde-big-array v0.4.1
[INFO] [stderr]    Compiling multihash-derive v0.8.0
[INFO] [stderr]    Compiling stronghold-derive v0.3.1
[INFO] [stderr]     Checking hyper-tls v0.5.0
[INFO] [stderr]     Checking hyper-rustls v0.23.0
[INFO] [stderr]     Checking reqwest v0.11.11
[INFO] [stderr]    Compiling riker-macros v0.2.0
[INFO] [stderr]     Checking core2 v0.4.0
[INFO] [stderr]     Checking uuid v0.8.2
[INFO] [stderr]     Checking unsigned-varint v0.7.1
[INFO] [stderr]    Compiling zstd-safe v5.0.2+zstd.1.5.2
[INFO] [stderr]     Checking iterator-sorted v0.1.0
[INFO] [stderr]     Checking chunked_transfer v1.4.0
[INFO] [stderr]     Checking bech32 v0.9.0
[INFO] [stderr]     Checking atom v0.4.0
[INFO] [stderr]     Checking local-waker v0.1.3
[INFO] [stderr]     Checking stronghold-rlu v0.4.2
[INFO] [stderr]     Checking multihash v0.16.2
[INFO] [stderr]     Checking bee-block v0.1.0 (https://github.com/iotaledger/bee?rev=bdc6a94b0248861474817059e15543d5c29b0d72#bdc6a94b)
[INFO] [stderr]     Checking riker v0.4.2
[INFO] [stderr]     Checking ureq v2.4.0
[INFO] [stderr]     Checking stronghold-utils v0.4.0
[INFO] [stderr]     Checking bee-rest-api v0.1.7
[INFO] [stderr]    Compiling derive_builder_core v0.11.2
[INFO] [stderr]     Checking gloo-events v0.1.2
[INFO] [stderr]     Checking identity_iota_core v0.6.0
[INFO] [stderr]     Checking iota-crypto v0.5.1
[INFO] [stderr]    Compiling stronghold-derive v0.2.0
[INFO] [stderr]    Compiling pin-project-internal v1.0.10
[INFO] [stderr]     Checking hkdf v0.11.0
[INFO] [stderr]    Compiling backtrace v0.3.65
[INFO] [stderr]    Compiling prettyplease v0.1.14
[INFO] [stderr]     Checking arrayref v0.3.6
[INFO] [stderr]     Checking either v1.6.1
[INFO] [stderr]     Checking gimli v0.26.1
[INFO] [stderr]     Checking bs58 v0.4.0
[INFO] [stderr]     Checking stronghold-utils v0.3.0
[INFO] [stderr]     Checking multiaddr v0.14.0
[INFO] [stderr]    Compiling derive_builder_macro v0.11.2
[INFO] [stderr]     Checking itertools v0.10.3
[INFO] [stderr]     Checking iota-client v1.2.0
[INFO] [stderr]     Checking pin-project v1.0.10
[INFO] [stderr]    Compiling bytestring v1.1.0
[INFO] [stderr]     Checking actix-utils v3.0.0
[INFO] [stderr]     Checking gloo-console v0.2.1
[INFO] [stderr]     Checking identity_credential v0.6.0
[INFO] [stderr]     Checking actix-rt v2.7.0
[INFO] [stderr]     Checking serde-wasm-bindgen v0.3.1
[INFO] [stderr]     Checking wasm-bindgen-futures v0.4.31
[INFO] [stderr]     Checking hashbrown v0.11.2
[INFO] [stderr]    Compiling num-derive v0.3.3
[INFO] [stderr]    Compiling serde_repr v0.1.8
[INFO] [stderr]     Checking addr2line v0.17.0
[INFO] [stderr]     Checking actix-service v2.0.2
[INFO] [stderr]     Checking object v0.28.4
[INFO] [stderr]    Compiling cookie v0.16.0
[INFO] [stderr]     Checking rustc-demangle v0.1.21
[INFO] [stderr]    Compiling librocksdb-sys v6.20.3 (https://github.com/rust-rocksdb/rust-rocksdb?rev=86d983987e7cafce90ad8a147b0b325e6007eba6#86d98398)
[INFO] [stderr]     Checking seahash v4.1.0
[INFO] [stderr]    Compiling firestorm v0.5.1
[INFO] [stderr]     Checking anymap2 v0.13.0
[INFO] [stderr]     Checking quick-error v1.2.3
[INFO] [stderr]    Compiling actix-router v0.5.0
[INFO] [stderr]     Checking humantime v1.3.0
[INFO] [stderr]     Checking gloo-worker v0.1.0
[INFO] [stderr]     Checking bee-ledger v0.7.0 (https://github.com/iotaledger/bee?rev=bdc6a94b0248861474817059e15543d5c29b0d72#bdc6a94b)
[INFO] [stderr]     Checking gloo-history v0.1.0
[INFO] [stderr]     Checking bee-rest-api v0.2.2 (https://github.com/iotaledger/bee?rev=bdc6a94b0248861474817059e15543d5c29b0d72#bdc6a94b)
[INFO] [stderr]     Checking gloo-net v0.2.0
[INFO] [stderr]     Checking derive_builder v0.11.2
[INFO] [stderr]     Checking gloo-file v0.2.1
[INFO] [stderr]     Checking identity_iota_client v0.6.0
[INFO] [stderr]     Checking local-channel v0.1.3
[INFO] [stderr]     Checking fern-logger v0.5.0
[INFO] [stderr]     Checking gloo-storage v0.2.1
[INFO] [stderr]     Checking gloo-dialogs v0.1.1
[INFO] [stderr]     Checking gloo-render v0.1.1
[INFO] [stderr]     Checking actix-codec v0.5.0
[INFO] [stderr]     Checking gloo-timers v0.2.4
[INFO] [stderr]     Checking sha1 v0.10.1
[INFO] [stderr]     Checking language-tags v0.3.2
[INFO] [stderr]     Checking termcolor v1.1.3
[INFO] [stderr]    Compiling boolinator v2.4.0
[INFO] [stderr]     Checking utf8-width v0.1.6
[INFO] [stderr]     Checking env_logger v0.7.1
[INFO] [stderr]     Checking html-escape v0.2.11
[INFO] [stderr]    Compiling yew-macro v0.19.3 (https://github.com/yewstack/yew#015412e6)
[INFO] [stderr]     Checking gloo v0.7.0
[INFO] [stderr]    Compiling actix-web-codegen v4.0.1
[INFO] [stderr]     Checking actix-server v2.1.1
[INFO] [stderr]     Checking console_error_panic_hook v0.1.7
[INFO] [stderr]    Compiling getset v0.1.2
[INFO] [stderr]    Compiling actix-macros v0.2.3
[INFO] [stderr]     Checking base64ct v1.5.0
[INFO] [stderr]     Checking pretty_env_logger v0.4.0
[INFO] [stderr]     Checking dotenv v0.15.0
[INFO] [stderr]     Checking yew v0.19.3 (https://github.com/yewstack/yew#015412e6)
[INFO] [stderr]     Checking zstd v0.11.2+zstd.1.5.2
[INFO] [stderr]     Checking actix-http v3.1.0
[INFO] [stderr]     Checking actix-web v4.1.0
[INFO] [stderr] The following warnings were emitted during compilation:
[INFO] [stderr] 
[INFO] [stderr] warning: c++: fatal error: Killed signal terminated program cc1plus
[INFO] [stderr] warning: compilation terminated.
[INFO] [stderr] warning: c++: fatal error: Killed signal terminated program cc1plus
[INFO] [stderr] warning: compilation terminated.
[INFO] [stderr] warning: c++: fatal error: Killed signal terminated program cc1plus
[INFO] [stderr] warning: compilation terminated.
[INFO] [stderr] 
[INFO] [stderr] error: failed to run custom build command for `librocksdb-sys v6.20.3 (https://github.com/rust-rocksdb/rust-rocksdb?rev=86d983987e7cafce90ad8a147b0b325e6007eba6#86d98398)`
[INFO] [stderr] note: To improve backtraces for build dependencies, set the CARGO_PROFILE_DEV_BUILD_OVERRIDE_DEBUG=true environment variable to enable debug information generation.
[INFO] [stderr] 
[INFO] [stderr] Caused by:
[INFO] [stderr]   process didn't exit successfully: `/opt/rustwide/target/debug/build/librocksdb-sys-c773eae8480e92f4/build-script-build` (exit status: 1)
[INFO] [stderr]   --- stdout
[INFO] [stderr]   cargo:rerun-if-changed=rocksdb/
[INFO] [stderr]   TARGET = Some("x86_64-unknown-linux-gnu")
[INFO] [stderr]   OPT_LEVEL = Some("0")
[INFO] [stderr]   HOST = Some("x86_64-unknown-linux-gnu")
[INFO] [stderr]   CXX_x86_64-unknown-linux-gnu = None
[INFO] [stderr]   CXX_x86_64_unknown_linux_gnu = None
[INFO] [stderr]   HOST_CXX = None
[INFO] [stderr]   CXX = None
[INFO] [stderr]   CXXFLAGS_x86_64-unknown-linux-gnu = None
[INFO] [stderr]   CXXFLAGS_x86_64_unknown_linux_gnu = None
[INFO] [stderr]   HOST_CXXFLAGS = None
[INFO] [stderr]   CXXFLAGS = None
[INFO] [stderr]   CRATE_CC_NO_DEFAULTS = None
[INFO] [stderr]   DEBUG = Some("true")
[INFO] [stderr]   CARGO_CFG_TARGET_FEATURE = Some("fxsr,sse,sse2")
[INFO] [stderr]   CXX_x86_64-unknown-linux-gnu = None
[INFO] [stderr]   CXX_x86_64_unknown_linux_gnu = None
[INFO] [stderr]   HOST_CXX = None
[INFO] [stderr]   CXX = None
[INFO] [stderr]   CXXFLAGS_x86_64-unknown-linux-gnu = None
[INFO] [stderr]   CXXFLAGS_x86_64_unknown_linux_gnu = None
[INFO] [stderr]   HOST_CXXFLAGS = None
[INFO] [stderr]   CXXFLAGS = None
[INFO] [stderr]   CRATE_CC_NO_DEFAULTS = None
[INFO] [stderr]   CARGO_CFG_TARGET_FEATURE = Some("fxsr,sse,sse2")
[INFO] [stderr]   running: "c++" "-O0" "-ffunction-sections" "-fdata-sections" "-fPIC" "-g" "-fno-omit-frame-pointer" "-m64" "-I" "rocksdb/include/" "-I" "rocksdb/" "-I" "rocksdb/third-party/gtest-1.8.1/fused-src/" "-I" "lz4/lib/" "-I" "." "-Wall" "-Wextra" "-std=c++11" "-Wno-unused-parameter" "-msse2" "-DLZ4=1" "-DNDEBUG=1" "-DOS_LINUX" "-DROCKSDB_PLATFORM_POSIX" "-DROCKSDB_LIB_IO_POSIX" "-DROCKSDB_SUPPORT_THREAD_LOCAL" "-o" "/opt/rustwide/target/debug/build/librocksdb-sys-06dba4eca648de1e/out/rocksdb/cache/cache.o" "-c" "rocksdb/cache/cache.cc"
[INFO] [stderr]   running: "c++" "-O0" "-ffunction-sections" "-fdata-sections" "-fPIC" "-g" "-fno-omit-frame-pointer" "-m64" "-I" "rocksdb/include/" "-I" "rocksdb/" "-I" "rocksdb/third-party/gtest-1.8.1/fused-src/" "-I" "lz4/lib/" "-I" "." "-Wall" "-Wextra" "-std=c++11" "-Wno-unused-parameter" "-msse2" "-DLZ4=1" "-DNDEBUG=1" "-DOS_LINUX" "-DROCKSDB_PLATFORM_POSIX" "-DROCKSDB_LIB_IO_POSIX" "-DROCKSDB_SUPPORT_THREAD_LOCAL" "-o" "/opt/rustwide/target/debug/build/librocksdb-sys-06dba4eca648de1e/out/rocksdb/cache/cache_entry_roles.o" "-c" "rocksdb/cache/cache_entry_roles.cc"
[INFO] [stderr]   running: "c++" "-O0" "-ffunction-sections" "-fdata-sections" "-fPIC" "-g" "-fno-omit-frame-pointer" "-m64" "-I" "rocksdb/include/" "-I" "rocksdb/" "-I" "rocksdb/third-party/gtest-1.8.1/fused-src/" "-I" "lz4/lib/" "-I" "." "-Wall" "-Wextra" "-std=c++11" "-Wno-unused-parameter" "-msse2" "-DLZ4=1" "-DNDEBUG=1" "-DOS_LINUX" "-DROCKSDB_PLATFORM_POSIX" "-DROCKSDB_LIB_IO_POSIX" "-DROCKSDB_SUPPORT_THREAD_LOCAL" "-o" "/opt/rustwide/target/debug/build/librocksdb-sys-06dba4eca648de1e/out/rocksdb/cache/clock_cache.o" "-c" "rocksdb/cache/clock_cache.cc"
[INFO] [stderr]   exit status: 0
[INFO] [stderr]   exit status: 0
[INFO] [stderr]   running: "c++" "-O0" "-ffunction-sections" "-fdata-sections" "-fPIC" "-g" "-fno-omit-frame-pointer" "-m64" "-I" "rocksdb/include/" "-I" "rocksdb/" "-I" "rocksdb/third-party/gtest-1.8.1/fused-src/" "-I" "lz4/lib/" "-I" "." "-Wall" "-Wextra" "-std=c++11" "-Wno-unused-parameter" "-msse2" "-DLZ4=1" "-DNDEBUG=1" "-DOS_LINUX" "-DROCKSDB_PLATFORM_POSIX" "-DROCKSDB_LIB_IO_POSIX" "-DROCKSDB_SUPPORT_THREAD_LOCAL" "-o" "/opt/rustwide/target/debug/build/librocksdb-sys-06dba4eca648de1e/out/rocksdb/cache/lru_cache.o" "-c" "rocksdb/cache/lru_cache.cc"
[INFO] [stderr]   exit status: 0
[INFO] [stderr]   running: "c++" "-O0" "-ffunction-sections" "-fdata-sections" "-fPIC" "-g" "-fno-omit-frame-pointer" "-m64" "-I" "rocksdb/include/" "-I" "rocksdb/" "-I" "rocksdb/third-party/gtest-1.8.1/fused-src/" "-I" "lz4/lib/" "-I" "." "-Wall" "-Wextra" "-std=c++11" "-Wno-unused-parameter" "-msse2" "-DLZ4=1" "-DNDEBUG=1" "-DOS_LINUX" "-DROCKSDB_PLATFORM_POSIX" "-DROCKSDB_LIB_IO_POSIX" "-DROCKSDB_SUPPORT_THREAD_LOCAL" "-o" "/opt/rustwide/target/debug/build/librocksdb-sys-06dba4eca648de1e/out/rocksdb/cache/sharded_cache.o" "-c" "rocksdb/cache/sharded_cache.cc"
[INFO] [stderr]   running: "c++" "-O0" "-ffunction-sections" "-fdata-sections" "-fPIC" "-g" "-fno-omit-frame-pointer" "-m64" "-I" "rocksdb/include/" "-I" "rocksdb/" "-I" "rocksdb/third-party/gtest-1.8.1/fused-src/" "-I" "lz4/lib/" "-I" "." "-Wall" "-Wextra" "-std=c++11" "-Wno-unused-parameter" "-msse2" "-DLZ4=1" "-DNDEBUG=1" "-DOS_LINUX" "-DROCKSDB_PLATFORM_POSIX" "-DROCKSDB_LIB_IO_POSIX" "-DROCKSDB_SUPPORT_THREAD_LOCAL" "-o" "/opt/rustwide/target/debug/build/librocksdb-sys-06dba4eca648de1e/out/rocksdb/db/arena_wrapped_db_iter.o" "-c" "rocksdb/db/arena_wrapped_db_iter.cc"
[INFO] [stderr]   running: "c++" "-O0" "-ffunction-sections" "-fdata-sections" "-fPIC" "-g" "-fno-omit-frame-pointer" "-m64" "-I" "rocksdb/include/" "-I" "rocksdb/" "-I" "rocksdb/third-party/gtest-1.8.1/fused-src/" "-I" "lz4/lib/" "-I" "." "-Wall" "-Wextra" "-std=c++11" "-Wno-unused-parameter" "-msse2" "-DLZ4=1" "-DNDEBUG=1" "-DOS_LINUX" "-DROCKSDB_PLATFORM_POSIX" "-DROCKSDB_LIB_IO_POSIX" "-DROCKSDB_SUPPORT_THREAD_LOCAL" "-o" "/opt/rustwide/target/debug/build/librocksdb-sys-06dba4eca648de1e/out/rocksdb/db/blob/blob_fetcher.o" "-c" "rocksdb/db/blob/blob_fetcher.cc"
[INFO] [stderr]   exit status: 0
[INFO] [stderr]   running: "c++" "-O0" "-ffunction-sections" "-fdata-sections" "-fPIC" "-g" "-fno-omit-frame-pointer" "-m64" "-I" "rocksdb/include/" "-I" "rocksdb/" "-I" "rocksdb/third-party/gtest-1.8.1/fused-src/" "-I" "lz4/lib/" "-I" "." "-Wall" "-Wextra" "-std=c++11" "-Wno-unused-parameter" "-msse2" "-DLZ4=1" "-DNDEBUG=1" "-DOS_LINUX" "-DROCKSDB_PLATFORM_POSIX" "-DROCKSDB_LIB_IO_POSIX" "-DROCKSDB_SUPPORT_THREAD_LOCAL" "-o" "/opt/rustwide/target/debug/build/librocksdb-sys-06dba4eca648de1e/out/rocksdb/db/blob/blob_file_addition.o" "-c" "rocksdb/db/blob/blob_file_addition.cc"
[INFO] [stderr]   exit status: 0
[INFO] [stderr]   exit status: 0
[INFO] [stderr]   running: "c++" "-O0" "-ffunction-sections" "-fdata-sections" "-fPIC" "-g" "-fno-omit-frame-pointer" "-m64" "-I" "rocksdb/include/" "-I" "rocksdb/" "-I" "rocksdb/third-party/gtest-1.8.1/fused-src/" "-I" "lz4/lib/" "-I" "." "-Wall" "-Wextra" "-std=c++11" "-Wno-unused-parameter" "-msse2" "-DLZ4=1" "-DNDEBUG=1" "-DOS_LINUX" "-DROCKSDB_PLATFORM_POSIX" "-DROCKSDB_LIB_IO_POSIX" "-DROCKSDB_SUPPORT_THREAD_LOCAL" "-o" "/opt/rustwide/target/debug/build/librocksdb-sys-06dba4eca648de1e/out/rocksdb/db/blob/blob_file_builder.o" "-c" "rocksdb/db/blob/blob_file_builder.cc"
[INFO] [stderr]   exit status: 0
[INFO] [stderr]   running: "c++" "-O0" "-ffunction-sections" "-fdata-sections" "-fPIC" "-g" "-fno-omit-frame-pointer" "-m64" "-I" "rocksdb/include/" "-I" "rocksdb/" "-I" "rocksdb/third-party/gtest-1.8.1/fused-src/" "-I" "lz4/lib/" "-I" "." "-Wall" "-Wextra" "-std=c++11" "-Wno-unused-parameter" "-msse2" "-DLZ4=1" "-DNDEBUG=1" "-DOS_LINUX" "-DROCKSDB_PLATFORM_POSIX" "-DROCKSDB_LIB_IO_POSIX" "-DROCKSDB_SUPPORT_THREAD_LOCAL" "-o" "/opt/rustwide/target/debug/build/librocksdb-sys-06dba4eca648de1e/out/rocksdb/db/blob/blob_file_cache.o" "-c" "rocksdb/db/blob/blob_file_cache.cc"
[INFO] [stderr]   running: "c++" "-O0" "-ffunction-sections" "-fdata-sections" "-fPIC" "-g" "-fno-omit-frame-pointer" "-m64" "-I" "rocksdb/include/" "-I" "rocksdb/" "-I" "rocksdb/third-party/gtest-1.8.1/fused-src/" "-I" "lz4/lib/" "-I" "." "-Wall" "-Wextra" "-std=c++11" "-Wno-unused-parameter" "-msse2" "-DLZ4=1" "-DNDEBUG=1" "-DOS_LINUX" "-DROCKSDB_PLATFORM_POSIX" "-DROCKSDB_LIB_IO_POSIX" "-DROCKSDB_SUPPORT_THREAD_LOCAL" "-o" "/opt/rustwide/target/debug/build/librocksdb-sys-06dba4eca648de1e/out/rocksdb/db/blob/blob_file_garbage.o" "-c" "rocksdb/db/blob/blob_file_garbage.cc"
[INFO] [stderr]   exit status: 0
[INFO] [stderr]   running: "c++" "-O0" "-ffunction-sections" "-fdata-sections" "-fPIC" "-g" "-fno-omit-frame-pointer" "-m64" "-I" "rocksdb/include/" "-I" "rocksdb/" "-I" "rocksdb/third-party/gtest-1.8.1/fused-src/" "-I" "lz4/lib/" "-I" "." "-Wall" "-Wextra" "-std=c++11" "-Wno-unused-parameter" "-msse2" "-DLZ4=1" "-DNDEBUG=1" "-DOS_LINUX" "-DROCKSDB_PLATFORM_POSIX" "-DROCKSDB_LIB_IO_POSIX" "-DROCKSDB_SUPPORT_THREAD_LOCAL" "-o" "/opt/rustwide/target/debug/build/librocksdb-sys-06dba4eca648de1e/out/rocksdb/db/blob/blob_file_meta.o" "-c" "rocksdb/db/blob/blob_file_meta.cc"
[INFO] [stderr]   running: "c++" "-O0" "-ffunction-sections" "-fdata-sections" "-fPIC" "-g" "-fno-omit-frame-pointer" "-m64" "-I" "rocksdb/include/" "-I" "rocksdb/" "-I" "rocksdb/third-party/gtest-1.8.1/fused-src/" "-I" "lz4/lib/" "-I" "." "-Wall" "-Wextra" "-std=c++11" "-Wno-unused-parameter" "-msse2" "-DLZ4=1" "-DNDEBUG=1" "-DOS_LINUX" "-DROCKSDB_PLATFORM_POSIX" "-DROCKSDB_LIB_IO_POSIX" "-DROCKSDB_SUPPORT_THREAD_LOCAL" "-o" "/opt/rustwide/target/debug/build/librocksdb-sys-06dba4eca648de1e/out/rocksdb/db/blob/blob_file_reader.o" "-c" "rocksdb/db/blob/blob_file_reader.cc"
[INFO] [stderr]   exit status: 0
[INFO] [stderr]   exit status: 0
[INFO] [stderr]   running: "c++" "-O0" "-ffunction-sections" "-fdata-sections" "-fPIC" "-g" "-fno-omit-frame-pointer" "-m64" "-I" "rocksdb/include/" "-I" "rocksdb/" "-I" "rocksdb/third-party/gtest-1.8.1/fused-src/" "-I" "lz4/lib/" "-I" "." "-Wall" "-Wextra" "-std=c++11" "-Wno-unused-parameter" "-msse2" "-DLZ4=1" "-DNDEBUG=1" "-DOS_LINUX" "-DROCKSDB_PLATFORM_POSIX" "-DROCKSDB_LIB_IO_POSIX" "-DROCKSDB_SUPPORT_THREAD_LOCAL" "-o" "/opt/rustwide/target/debug/build/librocksdb-sys-06dba4eca648de1e/out/rocksdb/db/blob/blob_log_format.o" "-c" "rocksdb/db/blob/blob_log_format.cc"
[INFO] [stderr]   exit status: 0
[INFO] [stderr]   running: "c++" "-O0" "-ffunction-sections" "-fdata-sections" "-fPIC" "-g" "-fno-omit-frame-pointer" "-m64" "-I" "rocksdb/include/" "-I" "rocksdb/" "-I" "rocksdb/third-party/gtest-1.8.1/fused-src/" "-I" "lz4/lib/" "-I" "." "-Wall" "-Wextra" "-std=c++11" "-Wno-unused-parameter" "-msse2" "-DLZ4=1" "-DNDEBUG=1" "-DOS_LINUX" "-DROCKSDB_PLATFORM_POSIX" "-DROCKSDB_LIB_IO_POSIX" "-DROCKSDB_SUPPORT_THREAD_LOCAL" "-o" "/opt/rustwide/target/debug/build/librocksdb-sys-06dba4eca648de1e/out/rocksdb/db/blob/blob_log_sequential_reader.o" "-c" "rocksdb/db/blob/blob_log_sequential_reader.cc"
[INFO] [stderr]   exit status: 0
[INFO] [stderr]   exit status: 0
[INFO] [stderr]   running: "c++" "-O0" "-ffunction-sections" "-fdata-sections" "-fPIC" "-g" "-fno-omit-frame-pointer" "-m64" "-I" "rocksdb/include/" "-I" "rocksdb/" "-I" "rocksdb/third-party/gtest-1.8.1/fused-src/" "-I" "lz4/lib/" "-I" "." "-Wall" "-Wextra" "-std=c++11" "-Wno-unused-parameter" "-msse2" "-DLZ4=1" "-DNDEBUG=1" "-DOS_LINUX" "-DROCKSDB_PLATFORM_POSIX" "-DROCKSDB_LIB_IO_POSIX" "-DROCKSDB_SUPPORT_THREAD_LOCAL" "-o" "/opt/rustwide/target/debug/build/librocksdb-sys-06dba4eca648de1e/out/rocksdb/db/blob/blob_log_writer.o" "-c" "rocksdb/db/blob/blob_log_writer.cc"
[INFO] [stderr]   exit status: 0
[INFO] [stderr]   running: "c++" "-O0" "-ffunction-sections" "-fdata-sections" "-fPIC" "-g" "-fno-omit-frame-pointer" "-m64" "-I" "rocksdb/include/" "-I" "rocksdb/" "-I" "rocksdb/third-party/gtest-1.8.1/fused-src/" "-I" "lz4/lib/" "-I" "." "-Wall" "-Wextra" "-std=c++11" "-Wno-unused-parameter" "-msse2" "-DLZ4=1" "-DNDEBUG=1" "-DOS_LINUX" "-DROCKSDB_PLATFORM_POSIX" "-DROCKSDB_LIB_IO_POSIX" "-DROCKSDB_SUPPORT_THREAD_LOCAL" "-o" "/opt/rustwide/target/debug/build/librocksdb-sys-06dba4eca648de1e/out/rocksdb/db/builder.o" "-c" "rocksdb/db/builder.cc"
[INFO] [stderr]   running: "c++" "-O0" "-ffunction-sections" "-fdata-sections" "-fPIC" "-g" "-fno-omit-frame-pointer" "-m64" "-I" "rocksdb/include/" "-I" "rocksdb/" "-I" "rocksdb/third-party/gtest-1.8.1/fused-src/" "-I" "lz4/lib/" "-I" "." "-Wall" "-Wextra" "-std=c++11" "-Wno-unused-parameter" "-msse2" "-DLZ4=1" "-DNDEBUG=1" "-DOS_LINUX" "-DROCKSDB_PLATFORM_POSIX" "-DROCKSDB_LIB_IO_POSIX" "-DROCKSDB_SUPPORT_THREAD_LOCAL" "-o" "/opt/rustwide/target/debug/build/librocksdb-sys-06dba4eca648de1e/out/rocksdb/db/c.o" "-c" "rocksdb/db/c.cc"
[INFO] [stderr]   exit status: 0
[INFO] [stderr]   running: "c++" "-O0" "-ffunction-sections" "-fdata-sections" "-fPIC" "-g" "-fno-omit-frame-pointer" "-m64" "-I" "rocksdb/include/" "-I" "rocksdb/" "-I" "rocksdb/third-party/gtest-1.8.1/fused-src/" "-I" "lz4/lib/" "-I" "." "-Wall" "-Wextra" "-std=c++11" "-Wno-unused-parameter" "-msse2" "-DLZ4=1" "-DNDEBUG=1" "-DOS_LINUX" "-DROCKSDB_PLATFORM_POSIX" "-DROCKSDB_LIB_IO_POSIX" "-DROCKSDB_SUPPORT_THREAD_LOCAL" "-o" "/opt/rustwide/target/debug/build/librocksdb-sys-06dba4eca648de1e/out/rocksdb/db/column_family.o" "-c" "rocksdb/db/column_family.cc"
[INFO] [stderr]   exit status: 0
[INFO] [stderr]   running: "c++" "-O0" "-ffunction-sections" "-fdata-sections" "-fPIC" "-g" "-fno-omit-frame-pointer" "-m64" "-I" "rocksdb/include/" "-I" "rocksdb/" "-I" "rocksdb/third-party/gtest-1.8.1/fused-src/" "-I" "lz4/lib/" "-I" "." "-Wall" "-Wextra" "-std=c++11" "-Wno-unused-parameter" "-msse2" "-DLZ4=1" "-DNDEBUG=1" "-DOS_LINUX" "-DROCKSDB_PLATFORM_POSIX" "-DROCKSDB_LIB_IO_POSIX" "-DROCKSDB_SUPPORT_THREAD_LOCAL" "-o" "/opt/rustwide/target/debug/build/librocksdb-sys-06dba4eca648de1e/out/rocksdb/db/compaction/compaction.o" "-c" "rocksdb/db/compaction/compaction.cc"
[INFO] [stderr]   running: "c++" "-O0" "-ffunction-sections" "-fdata-sections" "-fPIC" "-g" "-fno-omit-frame-pointer" "-m64" "-I" "rocksdb/include/" "-I" "rocksdb/" "-I" "rocksdb/third-party/gtest-1.8.1/fused-src/" "-I" "lz4/lib/" "-I" "." "-Wall" "-Wextra" "-std=c++11" "-Wno-unused-parameter" "-msse2" "-DLZ4=1" "-DNDEBUG=1" "-DOS_LINUX" "-DROCKSDB_PLATFORM_POSIX" "-DROCKSDB_LIB_IO_POSIX" "-DROCKSDB_SUPPORT_THREAD_LOCAL" "-o" "/opt/rustwide/target/debug/build/librocksdb-sys-06dba4eca648de1e/out/rocksdb/db/compaction/compaction_iterator.o" "-c" "rocksdb/db/compaction/compaction_iterator.cc"
[INFO] [stderr]   running: "c++" "-O0" "-ffunction-sections" "-fdata-sections" "-fPIC" "-g" "-fno-omit-frame-pointer" "-m64" "-I" "rocksdb/include/" "-I" "rocksdb/" "-I" "rocksdb/third-party/gtest-1.8.1/fused-src/" "-I" "lz4/lib/" "-I" "." "-Wall" "-Wextra" "-std=c++11" "-Wno-unused-parameter" "-msse2" "-DLZ4=1" "-DNDEBUG=1" "-DOS_LINUX" "-DROCKSDB_PLATFORM_POSIX" "-DROCKSDB_LIB_IO_POSIX" "-DROCKSDB_SUPPORT_THREAD_LOCAL" "-o" "/opt/rustwide/target/debug/build/librocksdb-sys-06dba4eca648de1e/out/rocksdb/db/compaction/compaction_job.o" "-c" "rocksdb/db/compaction/compaction_job.cc"
[INFO] [stderr]   exit status: 0
[INFO] [stderr]   running: "c++" "-O0" "-ffunction-sections" "-fdata-sections" "-fPIC" "-g" "-fno-omit-frame-pointer" "-m64" "-I" "rocksdb/include/" "-I" "rocksdb/" "-I" "rocksdb/third-party/gtest-1.8.1/fused-src/" "-I" "lz4/lib/" "-I" "." "-Wall" "-Wextra" "-std=c++11" "-Wno-unused-parameter" "-msse2" "-DLZ4=1" "-DNDEBUG=1" "-DOS_LINUX" "-DROCKSDB_PLATFORM_POSIX" "-DROCKSDB_LIB_IO_POSIX" "-DROCKSDB_SUPPORT_THREAD_LOCAL" "-o" "/opt/rustwide/target/debug/build/librocksdb-sys-06dba4eca648de1e/out/rocksdb/db/compaction/compaction_picker.o" "-c" "rocksdb/db/compaction/compaction_picker.cc"
[INFO] [stderr]   exit status: 0
[INFO] [stderr]   running: "c++" "-O0" "-ffunction-sections" "-fdata-sections" "-fPIC" "-g" "-fno-omit-frame-pointer" "-m64" "-I" "rocksdb/include/" "-I" "rocksdb/" "-I" "rocksdb/third-party/gtest-1.8.1/fused-src/" "-I" "lz4/lib/" "-I" "." "-Wall" "-Wextra" "-std=c++11" "-Wno-unused-parameter" "-msse2" "-DLZ4=1" "-DNDEBUG=1" "-DOS_LINUX" "-DROCKSDB_PLATFORM_POSIX" "-DROCKSDB_LIB_IO_POSIX" "-DROCKSDB_SUPPORT_THREAD_LOCAL" "-o" "/opt/rustwide/target/debug/build/librocksdb-sys-06dba4eca648de1e/out/rocksdb/db/compaction/compaction_picker_fifo.o" "-c" "rocksdb/db/compaction/compaction_picker_fifo.cc"
[INFO] [stderr]   cargo:warning=c++: fatal error: Killed signal terminated program cc1plus
[INFO] [stderr]   cargo:warning=compilation terminated.
[INFO] [stderr]   exit status: 1
[INFO] [stderr]   running: "c++" "-O0" "-ffunction-sections" "-fdata-sections" "-fPIC" "-g" "-fno-omit-frame-pointer" "-m64" "-I" "rocksdb/include/" "-I" "rocksdb/" "-I" "rocksdb/third-party/gtest-1.8.1/fused-src/" "-I" "lz4/lib/" "-I" "." "-Wall" "-Wextra" "-std=c++11" "-Wno-unused-parameter" "-msse2" "-DLZ4=1" "-DNDEBUG=1" "-DOS_LINUX" "-DROCKSDB_PLATFORM_POSIX" "-DROCKSDB_LIB_IO_POSIX" "-DROCKSDB_SUPPORT_THREAD_LOCAL" "-o" "/opt/rustwide/target/debug/build/librocksdb-sys-06dba4eca648de1e/out/rocksdb/db/compaction/compaction_picker_level.o" "-c" "rocksdb/db/compaction/compaction_picker_level.cc"
[INFO] [stderr]   cargo:warning=c++: fatal error: Killed signal terminated program cc1plus
[INFO] [stderr]   cargo:warning=compilation terminated.
[INFO] [stderr]   exit status: 1
[INFO] [stderr]   cargo:warning=c++: fatal error: Killed signal terminated program cc1plus
[INFO] [stderr]   cargo:warning=compilation terminated.
[INFO] [stderr]   exit status: 1
[INFO] [stderr]   exit status: 0
[INFO] [stderr]   exit status: 0
[INFO] [stderr]   exit status: 0
[INFO] [stderr]   exit status: 0
[INFO] [stderr] 
[INFO] [stderr]   --- stderr
[INFO] [stderr]   error: 'rustfmt' is not installed for the toolchain 'e6e4f7ed1589e03bc2f6c5931c1a72e7947e8682'
[INFO] [stderr]   note: this is a custom toolchain, which cannot use `rustup component add`
[INFO] [stderr]   help: if you built this toolchain from source, and used `rustup toolchain link`, then you may be able to build the component with `x.py`
[INFO] [stderr]   Failed to run rustfmt: Internal rustfmt error (non-fatal, continuing)
[INFO] [stderr] 
[INFO] [stderr] 
[INFO] [stderr]   error occurred: Command "c++" "-O0" "-ffunction-sections" "-fdata-sections" "-fPIC" "-g" "-fno-omit-frame-pointer" "-m64" "-I" "rocksdb/include/" "-I" "rocksdb/" "-I" "rocksdb/third-party/gtest-1.8.1/fused-src/" "-I" "lz4/lib/" "-I" "." "-Wall" "-Wextra" "-std=c++11" "-Wno-unused-parameter" "-msse2" "-DLZ4=1" "-DNDEBUG=1" "-DOS_LINUX" "-DROCKSDB_PLATFORM_POSIX" "-DROCKSDB_LIB_IO_POSIX" "-DROCKSDB_SUPPORT_THREAD_LOCAL" "-o" "/opt/rustwide/target/debug/build/librocksdb-sys-06dba4eca648de1e/out/rocksdb/db/column_family.o" "-c" "rocksdb/db/column_family.cc" with args "c++" did not execute successfully (status code exit status: 1).
[INFO] [stderr] 
[INFO] [stderr] 
[INFO] [stderr] warning: build failed, waiting for other jobs to finish...
[INFO] running `Command { std: "docker" "inspect" "8c53c6deb635e1e0c90dcf25601dcce911061833496c648c81f280111f703764", kill_on_drop: false }`
[INFO] running `Command { std: "docker" "rm" "-f" "8c53c6deb635e1e0c90dcf25601dcce911061833496c648c81f280111f703764", kill_on_drop: false }`
[INFO] [stdout] 8c53c6deb635e1e0c90dcf25601dcce911061833496c648c81f280111f703764
